{"id":2434,"date":"2019-12-30T23:27:29","date_gmt":"2019-12-30T22:27:29","guid":{"rendered":"https:\/\/www.almetalbahn-online.de\/?page_id=2434"},"modified":"2020-11-30T20:17:44","modified_gmt":"2020-11-30T19:17:44","slug":"infrastruktur-und-ambiente","status":"publish","type":"page","link":"https:\/\/www.almetalbahn-online.de\/?page_id=2434","title":{"rendered":"Infrastruktur und Ambiente"},"content":{"rendered":"\n<p> [vc_row][vc_column][vc_column_text css=&#8220;.vc_custom_1575206934194{margin: 10px !important;}&#8220;] <\/p>\n\n\n\n<p>Eigent\u00fcmerin eines ehemaligen Bahnhofgel\u00e4ndes mit fast 5 km gewidmeter normalspuriger Strecke zu sein, bringt Verpflichtungen, aber auch viele M\u00f6glichkeiten f\u00fcr die &#8222;Almetalbahn&#8220; mit sich. Hauptvorteil ist die weitgehend freie Gestaltung des Areals auf dem Museumsbahnhof. So wurde das Gel\u00e4nde in der Vereinsgeschichte umgestaltet und weiterentwickelt. Auf dieser Seite finden sie einzelne herausragende Beispiele unseres Schaffens.<\/p>\n\n\n\n<p><strong>1970er<\/strong><br><\/p>\n\n\n\n<p><strong>1980er<\/strong><br>Errichtung von zwei Abstellgleisen in Almstedt &#8211; Segeste<br>Abbau des Lokschuppens in Bad Grund und Wiedererrichtung in Almstedt &#8211; Segeste<br>Umsetzen des Bahnhofgeb\u00e4udes auf die andere Bahnhofsseite in Almstedt &#8211; Segeste<\/p>\n\n\n\n<p><strong>1990er<\/strong><br>Fertigstellung des Fu\u00dfbodens im Lokomotivschuppen<br>Errichtung des Grillgartens neben dem Empfangsgeb\u00e4ude<\/p>\n\n\n\n<p><strong>2000er<\/strong><br>Sanierung zahlreicher Gleise im Museumsbahnhof sowie Richtung &#8222;Haltepunkt Grillplatz&#8220;<br><a href=\"https:\/\/www.almetalbahn-online.de\/?page_id=2247\">Gleisbau zwischen den Br\u00fccken Richtung Endpunkt &#8222;Haltepunkt Grundkamp&#8220;<\/a> <br><a href=\"https:\/\/www.almetalbahn-online.de\/?page_id=3188\">Bahn\u00fcbergangsanierung bei Breinum<\/a> <br><\/p>\n\n\n\n<p><strong>2010er<\/strong> <strong>und aktuell<\/strong><br>Sanierung Umfahrgleis im Museumsbahnhof<br>Errichtung Grillpavillon im Grillgarten<br>Erweiterung der Bahnsteigausstattung mit Leuchten, Schild und H-Signal<br>Installation einer Doppelweiche f\u00fcr eine Abstellgruppe am Westende des Museumsbahnhofs<br><a href=\"https:\/\/www.almetalbahn-online.de\/?page_id=3129\">Aufarbeitung des Wasserkrans<\/a><br>Sanierung der zweiten Bahnsteigkante <\/p>\n\n\n\n<p>[\/vc_column_text][\/vc_column][\/vc_row]    <\/p>\n","protected":false},"excerpt":{"rendered":"<p>[vc_row][vc_column][vc_column_text css=&#8220;.vc_custom_1575206934194{margin: 10px !important;}&#8220;] Eigent\u00fcmerin eines ehemaligen Bahnhofgel\u00e4ndes mit fast 5 km gewidmeter normalspuriger Strecke zu sein, bringt Verpflichtungen, aber auch viele M\u00f6glichkeiten f\u00fcr die &#8222;Almetalbahn&#8220; mit sich. Hauptvorteil ist [&hellip;]<\/p>\n","protected":false},"author":3,"featured_media":0,"parent":486,"menu_order":0,"comment_status":"closed","ping_status":"closed","template":"","meta":{"_links_to":"","_links_to_target":""},"yoast_head":"<!-- This site is optimized with the Yoast SEO plugin v21.0 - https:\/\/yoast.com\/wordpress\/plugins\/seo\/ -->\n<title>Infrastruktur und Ambiente - Arbeitsgemeinschaft Historische Eisenbahn e.V.<\/title>\n<meta name=\"robots\" content=\"index, follow, max-snippet:-1, max-image-preview:large, max-video-preview:-1\" \/>\n<link rel=\"canonical\" href=\"https:\/\/www.almetalbahn-online.de\/?page_id=2434\" \/>\n<meta property=\"og:locale\" content=\"de_DE\" \/>\n<meta property=\"og:type\" content=\"article\" \/>\n<meta property=\"og:title\" content=\"Infrastruktur und Ambiente - Arbeitsgemeinschaft Historische Eisenbahn e.V.\" \/>\n<meta property=\"og:description\" content=\"[vc_row][vc_column][vc_column_text css=&#8220;.vc_custom_1575206934194{margin: 10px !important;}&#8220;] Eigent\u00fcmerin eines ehemaligen Bahnhofgel\u00e4ndes mit fast 5 km gewidmeter normalspuriger Strecke zu sein, bringt Verpflichtungen, aber auch viele M\u00f6glichkeiten f\u00fcr die &#8222;Almetalbahn&#8220; mit sich. Hauptvorteil ist [&hellip;]\" \/>\n<meta property=\"og:url\" content=\"https:\/\/www.almetalbahn-online.de\/?page_id=2434\" \/>\n<meta property=\"og:site_name\" content=\"Arbeitsgemeinschaft Historische Eisenbahn e.V.\" \/>\n<meta property=\"article:publisher\" content=\"https:\/\/www.facebook.com\/Almetalbahn\/\" \/>\n<meta property=\"article:modified_time\" content=\"2020-11-30T19:17:44+00:00\" \/>\n<meta name=\"twitter:card\" content=\"summary_large_image\" \/>\n<meta name=\"twitter:label1\" content=\"Gesch\u00e4tzte Lesezeit\" \/>\n\t<meta name=\"twitter:data1\" content=\"1\u00a0Minute\" \/>\n<script type=\"application\/ld+json\" class=\"yoast-schema-graph\">{\"@context\":\"https:\/\/schema.org\",\"@graph\":[{\"@type\":\"WebPage\",\"@id\":\"https:\/\/www.almetalbahn-online.de\/?page_id=2434\",\"url\":\"https:\/\/www.almetalbahn-online.de\/?page_id=2434\",\"name\":\"Infrastruktur und Ambiente - Arbeitsgemeinschaft Historische Eisenbahn e.V.\",\"isPartOf\":{\"@id\":\"https:\/\/www.almetalbahn-online.de\/#website\"},\"datePublished\":\"2019-12-30T22:27:29+00:00\",\"dateModified\":\"2020-11-30T19:17:44+00:00\",\"breadcrumb\":{\"@id\":\"https:\/\/www.almetalbahn-online.de\/?page_id=2434#breadcrumb\"},\"inLanguage\":\"de\",\"potentialAction\":[{\"@type\":\"ReadAction\",\"target\":[\"https:\/\/www.almetalbahn-online.de\/?page_id=2434\"]}]},{\"@type\":\"BreadcrumbList\",\"@id\":\"https:\/\/www.almetalbahn-online.de\/?page_id=2434#breadcrumb\",\"itemListElement\":[{\"@type\":\"ListItem\",\"position\":1,\"name\":\"Startseite\",\"item\":\"https:\/\/www.almetalbahn-online.de\/\"},{\"@type\":\"ListItem\",\"position\":2,\"name\":\"Projekte\",\"item\":\"https:\/\/www.almetalbahn-online.de\/?page_id=453\"},{\"@type\":\"ListItem\",\"position\":3,\"name\":\"Was geschah bisher?\",\"item\":\"https:\/\/www.almetalbahn-online.de\/?page_id=486\"},{\"@type\":\"ListItem\",\"position\":4,\"name\":\"Infrastruktur und Ambiente\"}]},{\"@type\":\"WebSite\",\"@id\":\"https:\/\/www.almetalbahn-online.de\/#website\",\"url\":\"https:\/\/www.almetalbahn-online.de\/\",\"name\":\"Arbeitsgemeinschaft Historische Eisenbahn e.V.\",\"description\":\"Almetalbahn\",\"publisher\":{\"@id\":\"https:\/\/www.almetalbahn-online.de\/#organization\"},\"potentialAction\":[{\"@type\":\"SearchAction\",\"target\":{\"@type\":\"EntryPoint\",\"urlTemplate\":\"https:\/\/www.almetalbahn-online.de\/?s={search_term_string}\"},\"query-input\":\"required name=search_term_string\"}],\"inLanguage\":\"de\"},{\"@type\":\"Organization\",\"@id\":\"https:\/\/www.almetalbahn-online.de\/#organization\",\"name\":\"Arbeitsgemeinschaft Historische Eisenbahn e.V.\",\"url\":\"https:\/\/www.almetalbahn-online.de\/\",\"logo\":{\"@type\":\"ImageObject\",\"inLanguage\":\"de\",\"@id\":\"https:\/\/www.almetalbahn-online.de\/#\/schema\/logo\/image\/\",\"url\":\"https:\/\/www.almetalbahn-online.de\/wp-content\/uploads\/2019\/12\/T3_Zeichnung-e1573062427353.png\",\"contentUrl\":\"https:\/\/www.almetalbahn-online.de\/wp-content\/uploads\/2019\/12\/T3_Zeichnung-e1573062427353.png\",\"width\":200,\"height\":97,\"caption\":\"Arbeitsgemeinschaft Historische Eisenbahn e.V.\"},\"image\":{\"@id\":\"https:\/\/www.almetalbahn-online.de\/#\/schema\/logo\/image\/\"},\"sameAs\":[\"https:\/\/www.facebook.com\/Almetalbahn\/\",\"https:\/\/www.instagram.com\/almetalbahn\/\"]}]}<\/script>\n<!-- \/ Yoast SEO plugin. -->","yoast_head_json":{"title":"Infrastruktur und Ambiente - Arbeitsgemeinschaft Historische Eisenbahn e.V.","robots":{"index":"index","follow":"follow","max-snippet":"max-snippet:-1","max-image-preview":"max-image-preview:large","max-video-preview":"max-video-preview:-1"},"canonical":"https:\/\/www.almetalbahn-online.de\/?page_id=2434","og_locale":"de_DE","og_type":"article","og_title":"Infrastruktur und Ambiente - Arbeitsgemeinschaft Historische Eisenbahn e.V.","og_description":"[vc_row][vc_column][vc_column_text css=&#8220;.vc_custom_1575206934194{margin: 10px !important;}&#8220;] Eigent\u00fcmerin eines ehemaligen Bahnhofgel\u00e4ndes mit fast 5 km gewidmeter normalspuriger Strecke zu sein, bringt Verpflichtungen, aber auch viele M\u00f6glichkeiten f\u00fcr die &#8222;Almetalbahn&#8220; mit sich. Hauptvorteil ist [&hellip;]","og_url":"https:\/\/www.almetalbahn-online.de\/?page_id=2434","og_site_name":"Arbeitsgemeinschaft Historische Eisenbahn e.V.","article_publisher":"https:\/\/www.facebook.com\/Almetalbahn\/","article_modified_time":"2020-11-30T19:17:44+00:00","twitter_card":"summary_large_image","twitter_misc":{"Gesch\u00e4tzte Lesezeit":"1\u00a0Minute"},"schema":{"@context":"https:\/\/schema.org","@graph":[{"@type":"WebPage","@id":"https:\/\/www.almetalbahn-online.de\/?page_id=2434","url":"https:\/\/www.almetalbahn-online.de\/?page_id=2434","name":"Infrastruktur und Ambiente - Arbeitsgemeinschaft Historische Eisenbahn e.V.","isPartOf":{"@id":"https:\/\/www.almetalbahn-online.de\/#website"},"datePublished":"2019-12-30T22:27:29+00:00","dateModified":"2020-11-30T19:17:44+00:00","breadcrumb":{"@id":"https:\/\/www.almetalbahn-online.de\/?page_id=2434#breadcrumb"},"inLanguage":"de","potentialAction":[{"@type":"ReadAction","target":["https:\/\/www.almetalbahn-online.de\/?page_id=2434"]}]},{"@type":"BreadcrumbList","@id":"https:\/\/www.almetalbahn-online.de\/?page_id=2434#breadcrumb","itemListElement":[{"@type":"ListItem","position":1,"name":"Startseite","item":"https:\/\/www.almetalbahn-online.de\/"},{"@type":"ListItem","position":2,"name":"Projekte","item":"https:\/\/www.almetalbahn-online.de\/?page_id=453"},{"@type":"ListItem","position":3,"name":"Was geschah bisher?","item":"https:\/\/www.almetalbahn-online.de\/?page_id=486"},{"@type":"ListItem","position":4,"name":"Infrastruktur und Ambiente"}]},{"@type":"WebSite","@id":"https:\/\/www.almetalbahn-online.de\/#website","url":"https:\/\/www.almetalbahn-online.de\/","name":"Arbeitsgemeinschaft Historische Eisenbahn e.V.","description":"Almetalbahn","publisher":{"@id":"https:\/\/www.almetalbahn-online.de\/#organization"},"potentialAction":[{"@type":"SearchAction","target":{"@type":"EntryPoint","urlTemplate":"https:\/\/www.almetalbahn-online.de\/?s={search_term_string}"},"query-input":"required name=search_term_string"}],"inLanguage":"de"},{"@type":"Organization","@id":"https:\/\/www.almetalbahn-online.de\/#organization","name":"Arbeitsgemeinschaft Historische Eisenbahn e.V.","url":"https:\/\/www.almetalbahn-online.de\/","logo":{"@type":"ImageObject","inLanguage":"de","@id":"https:\/\/www.almetalbahn-online.de\/#\/schema\/logo\/image\/","url":"https:\/\/www.almetalbahn-online.de\/wp-content\/uploads\/2019\/12\/T3_Zeichnung-e1573062427353.png","contentUrl":"https:\/\/www.almetalbahn-online.de\/wp-content\/uploads\/2019\/12\/T3_Zeichnung-e1573062427353.png","width":200,"height":97,"caption":"Arbeitsgemeinschaft Historische Eisenbahn e.V."},"image":{"@id":"https:\/\/www.almetalbahn-online.de\/#\/schema\/logo\/image\/"},"sameAs":["https:\/\/www.facebook.com\/Almetalbahn\/","https:\/\/www.instagram.com\/almetalbahn\/"]}]}},"_links":{"self":[{"href":"https:\/\/www.almetalbahn-online.de\/index.php?rest_route=\/wp\/v2\/pages\/2434"}],"collection":[{"href":"https:\/\/www.almetalbahn-online.de\/index.php?rest_route=\/wp\/v2\/pages"}],"about":[{"href":"https:\/\/www.almetalbahn-online.de\/index.php?rest_route=\/wp\/v2\/types\/page"}],"author":[{"embeddable":true,"href":"https:\/\/www.almetalbahn-online.de\/index.php?rest_route=\/wp\/v2\/users\/3"}],"replies":[{"embeddable":true,"href":"https:\/\/www.almetalbahn-online.de\/index.php?rest_route=%2Fwp%2Fv2%2Fcomments&post=2434"}],"version-history":[{"count":12,"href":"https:\/\/www.almetalbahn-online.de\/index.php?rest_route=\/wp\/v2\/pages\/2434\/revisions"}],"predecessor-version":[{"id":3231,"href":"https:\/\/www.almetalbahn-online.de\/index.php?rest_route=\/wp\/v2\/pages\/2434\/revisions\/3231"}],"up":[{"embeddable":true,"href":"https:\/\/www.almetalbahn-online.de\/index.php?rest_route=\/wp\/v2\/pages\/486"}],"wp:attachment":[{"href":"https:\/\/www.almetalbahn-online.de\/index.php?rest_route=%2Fwp%2Fv2%2Fmedia&parent=2434"}],"curies":[{"name":"wp","href":"https:\/\/api.w.org\/{rel}","templated":true}]}}