{"id":482,"date":"2019-07-29T14:58:50","date_gmt":"2019-07-29T12:58:50","guid":{"rendered":"https:\/\/www.almetalbahn-online.de\/?page_id=482"},"modified":"2022-10-10T15:21:35","modified_gmt":"2022-10-10T13:21:35","slug":"t3-schunter","status":"publish","type":"page","link":"https:\/\/www.almetalbahn-online.de\/?page_id=482","title":{"rendered":"Projekt-Lok-Schunter"},"content":{"rendered":"<p>[vc_row][vc_column][vc_column_text css=&#8220;.vc_custom_1575206934194{margin: 10px !important;}&#8220;]Unsere Dampflokomotive &#8222;Schunter&#8220; ist wieder betriebsf\u00e4hig!<\/p>\n<p>Der vorletzte gro\u00dfe Meilenstein stellte die R\u00fcckholung des Kessels aus dem Fachbetrieb dar, die Anfang November 2021 erfolgt ist. Die Kaltdruck- und Warmdruckprobe konnten bereits Ende November erfolgen. <strong><br><\/strong><\/p>\n<p>In der Warmdruckprobe im November zeigte sich in einem schwer zug\u00e4nglichen Kesselbereich (am sog. Bodenring) Nachbesserungsbedarf, den der Auftragnehmer der Kesselreparatur am 11. Januar 2022 erf\u00fcllt hat. Der n\u00e4chste Schritt war dann die Wiederholungspr\u00fcfung (Warmdruckprobe), sowie die Komplettierung der Lokomotive an. Leider war auch die Wiederholungspr\u00fcfung nicht erfolgreich &#8211; ein Niet hat sich als undicht erwiesen. Nach Kl\u00e4rung mit dem Auftragnehmer zur Kesselreparatur konnte im Juni die Nacharbeit erfolgen. Ein neu angefertigter Niet wurde durch eine weitere, zertifizierte Stelle bei uns in Almstedt &#8211; Segeste erfolgreich verstemmt werden. Gro\u00dfe Spannung machte sich breit, ob der dritte (!) Anlauf nun erfolgreich sein w\u00fcrde.<\/p>\n<p><strong>Am 24.06.2022 konnte die Warmdruckprobe endg\u00fcltig bestanden werden.<\/strong><\/p>\n<p>Diese notwendige Nacharbeit verz\u00f6gerte leider auch die Wiederinbetriebnahme dieses einzigartigen Exponats der nieders\u00e4chsischen Technikgeschichte. <br><strong>Aber wir sind nun im Ziel und konnten die Lokomotive auf unserem Jubil\u00e4umsfestwochende am 01.10.2022 wieder in Betrieb nehmen.<br><\/strong><\/p>\n<p><\/p>\n\n\n<figure class=\"wp-block-image size-large\"><img decoding=\"async\" loading=\"lazy\" width=\"1024\" height=\"683\" src=\"https:\/\/www.almetalbahn-online.de\/wp-content\/uploads\/2022\/10\/klein_IMG_4932_0001-1024x683.jpg\" alt=\"\" class=\"wp-image-4333\" srcset=\"https:\/\/www.almetalbahn-online.de\/wp-content\/uploads\/2022\/10\/klein_IMG_4932_0001-1024x683.jpg 1024w, https:\/\/www.almetalbahn-online.de\/wp-content\/uploads\/2022\/10\/klein_IMG_4932_0001-300x200.jpg 300w, https:\/\/www.almetalbahn-online.de\/wp-content\/uploads\/2022\/10\/klein_IMG_4932_0001-768x512.jpg 768w, https:\/\/www.almetalbahn-online.de\/wp-content\/uploads\/2022\/10\/klein_IMG_4932_0001-1536x1024.jpg 1536w, https:\/\/www.almetalbahn-online.de\/wp-content\/uploads\/2022\/10\/klein_IMG_4932_0001-600x400.jpg 600w, https:\/\/www.almetalbahn-online.de\/wp-content\/uploads\/2022\/10\/klein_IMG_4932_0001.jpg 1620w\" sizes=\"(max-width: 1024px) 100vw, 1024px\" \/><figcaption>Die Dampflokomotive T3 &#8222;Schunter&#8220; auf der Museumsstrecke am 01.10.2022, <em>Bild: J. Werschick<\/em><\/figcaption><\/figure>\n\n\n\n<p>Aufgrund Ihrer gro\u00dfartigen Unterst\u00fctzung konnten wir alle erforderlichen Ausgaben bisher bestreiten. Hierf\u00fcr sind wie Ihnen von Herzen dankbar! Wenn Sie uns dar\u00fcber hinaus unterst\u00fctzen m\u00f6chten, k\u00f6nnen Sie dies gerne mit einer Spende tun. Unsere Bankverbindung lautet<\/p>\n\n\n\n<p>Sparkasse Hildesheim-Goslar-Peine<br>Arbeitsgemeinschaft Historische Eisenbahn e.V.<br>Stichwort: Lok Schunter<br>IBAN: DE82 2595 0130 0050 7208 06<\/p>\n\n\n\n<p>Bereits Anfang der 2000er Jahre war \u00fcbrigens ein anderer Kesselteil zu erneuern. Damals war der Langkessel nach einem langen Lokomotivleben so weit abgezehrt, dass er komplett neu gebaut werden musste. Der Langkessel hat sich bei den j\u00fcngsten Befundungen erfreulicherweise in sehr gutem Zustand gezeigt, weswegen hieran zur Wiederinbetriebnahme keine Arbeiten erforderlich sind. Gleichwohl m\u00f6chten wir hier auch der damaligen Aufarbeitung Raum geben. Insbesondere gilt unser Dank den damaligen und uns vielfach auch treu gebliebenen Unterst\u00fctzern &#8211; ohne sie h\u00e4tte unsere &#8222;Schunter&#8220; nicht knapp ein ganzes Jahrzehnt im Almetal unter Dampf stehen k\u00f6nnen! Daher finden Sie hier n\u00e4here Informationen zur <a href=\"https:\/\/www.almetalbahn-online.de\/?page_id=1522\">Langkesselreparatur<\/a>.<\/p>\n\n\n\n<p><strong>Hoffen wir, dass die T3 &#8222;Schunter&#8220; uns nun nach der grundlegenden Aufarbeitung viele, viele weitere Jahre betriebsf\u00e4hig fasziniert!<\/strong><\/p>\n\n\n\n<p>Demn\u00e4chst erfahren Sie hier weitere Hintergr\u00fcnde zur Instandsetzung der Lokomotive zwischen 2016 und 2022 erfahren. Bis dahin besuchen Sie gern die Projekthomepage: <a href=\"http:\/\/www.projekt-lok-schunter.jimdo.com\">www.projekt-lok-schunter.jimdo.com<\/a><\/p>\n\n\n\n<p>Neben jedem einzelnen Spender danken wir ganz besonders folgenden F\u00f6rderern bei der Finanzierung der Stehkesselreparatur:[\/vc_column_text][\/vc_column][\/vc_row][vc_row][vc_column][vc_column_text]<\/p>\n\n\n\n<\/p>\n<figure class=\"wp-block-image size-large\"><img decoding=\"async\" loading=\"lazy\" width=\"1024\" height=\"621\" src=\"https:\/\/www.almetalbahn-online.de\/wp-content\/uploads\/2019\/12\/Zusammenfassung_T3-1024x621.png\" alt=\"\" class=\"wp-image-1535\" srcset=\"https:\/\/www.almetalbahn-online.de\/wp-content\/uploads\/2019\/12\/Zusammenfassung_T3-1024x621.png 1024w, https:\/\/www.almetalbahn-online.de\/wp-content\/uploads\/2019\/12\/Zusammenfassung_T3-300x182.png 300w, https:\/\/www.almetalbahn-online.de\/wp-content\/uploads\/2019\/12\/Zusammenfassung_T3-768x465.png 768w, https:\/\/www.almetalbahn-online.de\/wp-content\/uploads\/2019\/12\/Zusammenfassung_T3-1536x931.png 1536w, https:\/\/www.almetalbahn-online.de\/wp-content\/uploads\/2019\/12\/Zusammenfassung_T3-600x364.png 600w, https:\/\/www.almetalbahn-online.de\/wp-content\/uploads\/2019\/12\/Zusammenfassung_T3.png 1541w\" sizes=\"(max-width: 1024px) 100vw, 1024px\" \/><\/figure>\n<p>\n\n\n<p>[\/vc_column_text][\/vc_column][\/vc_row]<\/p>","protected":false},"excerpt":{"rendered":"<p>[vc_row][vc_column][vc_column_text css=&#8220;.vc_custom_1575206934194{margin: 10px !important;}&#8220;]Unsere Dampflokomotive &#8222;Schunter&#8220; ist wieder betriebsf\u00e4hig! Der vorletzte gro\u00dfe Meilenstein stellte die R\u00fcckholung des Kessels aus dem Fachbetrieb dar, die Anfang November 2021 erfolgt ist. Die Kaltdruck- [&hellip;]<\/p>\n","protected":false},"author":2,"featured_media":0,"parent":453,"menu_order":2,"comment_status":"closed","ping_status":"closed","template":"","meta":{"_links_to":"","_links_to_target":""},"yoast_head":"<!-- This site is optimized with the Yoast SEO plugin v21.0 - https:\/\/yoast.com\/wordpress\/plugins\/seo\/ -->\n<title>Projekt-Lok-Schunter - Arbeitsgemeinschaft Historische Eisenbahn e.V.<\/title>\n<meta name=\"robots\" content=\"index, follow, max-snippet:-1, max-image-preview:large, max-video-preview:-1\" \/>\n<link rel=\"canonical\" href=\"https:\/\/www.almetalbahn-online.de\/?page_id=482\" \/>\n<meta property=\"og:locale\" content=\"de_DE\" \/>\n<meta property=\"og:type\" content=\"article\" \/>\n<meta property=\"og:title\" content=\"Projekt-Lok-Schunter - Arbeitsgemeinschaft Historische Eisenbahn e.V.\" \/>\n<meta property=\"og:description\" content=\"[vc_row][vc_column][vc_column_text css=&#8220;.vc_custom_1575206934194{margin: 10px !important;}&#8220;]Unsere Dampflokomotive &#8222;Schunter&#8220; ist wieder betriebsf\u00e4hig! Der vorletzte gro\u00dfe Meilenstein stellte die R\u00fcckholung des Kessels aus dem Fachbetrieb dar, die Anfang November 2021 erfolgt ist. Die Kaltdruck- [&hellip;]\" \/>\n<meta property=\"og:url\" content=\"https:\/\/www.almetalbahn-online.de\/?page_id=482\" \/>\n<meta property=\"og:site_name\" content=\"Arbeitsgemeinschaft Historische Eisenbahn e.V.\" \/>\n<meta property=\"article:publisher\" content=\"https:\/\/www.facebook.com\/Almetalbahn\/\" \/>\n<meta property=\"article:modified_time\" content=\"2022-10-10T13:21:35+00:00\" \/>\n<meta property=\"og:image\" content=\"https:\/\/www.almetalbahn-online.de\/wp-content\/uploads\/2022\/10\/klein_IMG_4932_0001-1024x683.jpg\" \/>\n<meta name=\"twitter:card\" content=\"summary_large_image\" \/>\n<meta name=\"twitter:label1\" content=\"Gesch\u00e4tzte Lesezeit\" \/>\n\t<meta name=\"twitter:data1\" content=\"3\u00a0Minuten\" \/>\n<script type=\"application\/ld+json\" class=\"yoast-schema-graph\">{\"@context\":\"https:\/\/schema.org\",\"@graph\":[{\"@type\":\"WebPage\",\"@id\":\"https:\/\/www.almetalbahn-online.de\/?page_id=482\",\"url\":\"https:\/\/www.almetalbahn-online.de\/?page_id=482\",\"name\":\"Projekt-Lok-Schunter - Arbeitsgemeinschaft Historische Eisenbahn e.V.\",\"isPartOf\":{\"@id\":\"https:\/\/www.almetalbahn-online.de\/#website\"},\"datePublished\":\"2019-07-29T12:58:50+00:00\",\"dateModified\":\"2022-10-10T13:21:35+00:00\",\"breadcrumb\":{\"@id\":\"https:\/\/www.almetalbahn-online.de\/?page_id=482#breadcrumb\"},\"inLanguage\":\"de\",\"potentialAction\":[{\"@type\":\"ReadAction\",\"target\":[\"https:\/\/www.almetalbahn-online.de\/?page_id=482\"]}]},{\"@type\":\"BreadcrumbList\",\"@id\":\"https:\/\/www.almetalbahn-online.de\/?page_id=482#breadcrumb\",\"itemListElement\":[{\"@type\":\"ListItem\",\"position\":1,\"name\":\"Startseite\",\"item\":\"https:\/\/www.almetalbahn-online.de\/\"},{\"@type\":\"ListItem\",\"position\":2,\"name\":\"Projekte\",\"item\":\"https:\/\/www.almetalbahn-online.de\/?page_id=453\"},{\"@type\":\"ListItem\",\"position\":3,\"name\":\"Projekt-Lok-Schunter\"}]},{\"@type\":\"WebSite\",\"@id\":\"https:\/\/www.almetalbahn-online.de\/#website\",\"url\":\"https:\/\/www.almetalbahn-online.de\/\",\"name\":\"Arbeitsgemeinschaft Historische Eisenbahn e.V.\",\"description\":\"Almetalbahn\",\"publisher\":{\"@id\":\"https:\/\/www.almetalbahn-online.de\/#organization\"},\"potentialAction\":[{\"@type\":\"SearchAction\",\"target\":{\"@type\":\"EntryPoint\",\"urlTemplate\":\"https:\/\/www.almetalbahn-online.de\/?s={search_term_string}\"},\"query-input\":\"required name=search_term_string\"}],\"inLanguage\":\"de\"},{\"@type\":\"Organization\",\"@id\":\"https:\/\/www.almetalbahn-online.de\/#organization\",\"name\":\"Arbeitsgemeinschaft Historische Eisenbahn e.V.\",\"url\":\"https:\/\/www.almetalbahn-online.de\/\",\"logo\":{\"@type\":\"ImageObject\",\"inLanguage\":\"de\",\"@id\":\"https:\/\/www.almetalbahn-online.de\/#\/schema\/logo\/image\/\",\"url\":\"https:\/\/www.almetalbahn-online.de\/wp-content\/uploads\/2019\/12\/T3_Zeichnung-e1573062427353.png\",\"contentUrl\":\"https:\/\/www.almetalbahn-online.de\/wp-content\/uploads\/2019\/12\/T3_Zeichnung-e1573062427353.png\",\"width\":200,\"height\":97,\"caption\":\"Arbeitsgemeinschaft Historische Eisenbahn e.V.\"},\"image\":{\"@id\":\"https:\/\/www.almetalbahn-online.de\/#\/schema\/logo\/image\/\"},\"sameAs\":[\"https:\/\/www.facebook.com\/Almetalbahn\/\",\"https:\/\/www.instagram.com\/almetalbahn\/\"]}]}<\/script>\n<!-- \/ Yoast SEO plugin. -->","yoast_head_json":{"title":"Projekt-Lok-Schunter - Arbeitsgemeinschaft Historische Eisenbahn e.V.","robots":{"index":"index","follow":"follow","max-snippet":"max-snippet:-1","max-image-preview":"max-image-preview:large","max-video-preview":"max-video-preview:-1"},"canonical":"https:\/\/www.almetalbahn-online.de\/?page_id=482","og_locale":"de_DE","og_type":"article","og_title":"Projekt-Lok-Schunter - Arbeitsgemeinschaft Historische Eisenbahn e.V.","og_description":"[vc_row][vc_column][vc_column_text css=&#8220;.vc_custom_1575206934194{margin: 10px !important;}&#8220;]Unsere Dampflokomotive &#8222;Schunter&#8220; ist wieder betriebsf\u00e4hig! Der vorletzte gro\u00dfe Meilenstein stellte die R\u00fcckholung des Kessels aus dem Fachbetrieb dar, die Anfang November 2021 erfolgt ist. Die Kaltdruck- [&hellip;]","og_url":"https:\/\/www.almetalbahn-online.de\/?page_id=482","og_site_name":"Arbeitsgemeinschaft Historische Eisenbahn e.V.","article_publisher":"https:\/\/www.facebook.com\/Almetalbahn\/","article_modified_time":"2022-10-10T13:21:35+00:00","og_image":[{"url":"https:\/\/www.almetalbahn-online.de\/wp-content\/uploads\/2022\/10\/klein_IMG_4932_0001-1024x683.jpg"}],"twitter_card":"summary_large_image","twitter_misc":{"Gesch\u00e4tzte Lesezeit":"3\u00a0Minuten"},"schema":{"@context":"https:\/\/schema.org","@graph":[{"@type":"WebPage","@id":"https:\/\/www.almetalbahn-online.de\/?page_id=482","url":"https:\/\/www.almetalbahn-online.de\/?page_id=482","name":"Projekt-Lok-Schunter - Arbeitsgemeinschaft Historische Eisenbahn e.V.","isPartOf":{"@id":"https:\/\/www.almetalbahn-online.de\/#website"},"datePublished":"2019-07-29T12:58:50+00:00","dateModified":"2022-10-10T13:21:35+00:00","breadcrumb":{"@id":"https:\/\/www.almetalbahn-online.de\/?page_id=482#breadcrumb"},"inLanguage":"de","potentialAction":[{"@type":"ReadAction","target":["https:\/\/www.almetalbahn-online.de\/?page_id=482"]}]},{"@type":"BreadcrumbList","@id":"https:\/\/www.almetalbahn-online.de\/?page_id=482#breadcrumb","itemListElement":[{"@type":"ListItem","position":1,"name":"Startseite","item":"https:\/\/www.almetalbahn-online.de\/"},{"@type":"ListItem","position":2,"name":"Projekte","item":"https:\/\/www.almetalbahn-online.de\/?page_id=453"},{"@type":"ListItem","position":3,"name":"Projekt-Lok-Schunter"}]},{"@type":"WebSite","@id":"https:\/\/www.almetalbahn-online.de\/#website","url":"https:\/\/www.almetalbahn-online.de\/","name":"Arbeitsgemeinschaft Historische Eisenbahn e.V.","description":"Almetalbahn","publisher":{"@id":"https:\/\/www.almetalbahn-online.de\/#organization"},"potentialAction":[{"@type":"SearchAction","target":{"@type":"EntryPoint","urlTemplate":"https:\/\/www.almetalbahn-online.de\/?s={search_term_string}"},"query-input":"required name=search_term_string"}],"inLanguage":"de"},{"@type":"Organization","@id":"https:\/\/www.almetalbahn-online.de\/#organization","name":"Arbeitsgemeinschaft Historische Eisenbahn e.V.","url":"https:\/\/www.almetalbahn-online.de\/","logo":{"@type":"ImageObject","inLanguage":"de","@id":"https:\/\/www.almetalbahn-online.de\/#\/schema\/logo\/image\/","url":"https:\/\/www.almetalbahn-online.de\/wp-content\/uploads\/2019\/12\/T3_Zeichnung-e1573062427353.png","contentUrl":"https:\/\/www.almetalbahn-online.de\/wp-content\/uploads\/2019\/12\/T3_Zeichnung-e1573062427353.png","width":200,"height":97,"caption":"Arbeitsgemeinschaft Historische Eisenbahn e.V."},"image":{"@id":"https:\/\/www.almetalbahn-online.de\/#\/schema\/logo\/image\/"},"sameAs":["https:\/\/www.facebook.com\/Almetalbahn\/","https:\/\/www.instagram.com\/almetalbahn\/"]}]}},"_links":{"self":[{"href":"https:\/\/www.almetalbahn-online.de\/index.php?rest_route=\/wp\/v2\/pages\/482"}],"collection":[{"href":"https:\/\/www.almetalbahn-online.de\/index.php?rest_route=\/wp\/v2\/pages"}],"about":[{"href":"https:\/\/www.almetalbahn-online.de\/index.php?rest_route=\/wp\/v2\/types\/page"}],"author":[{"embeddable":true,"href":"https:\/\/www.almetalbahn-online.de\/index.php?rest_route=\/wp\/v2\/users\/2"}],"replies":[{"embeddable":true,"href":"https:\/\/www.almetalbahn-online.de\/index.php?rest_route=%2Fwp%2Fv2%2Fcomments&post=482"}],"version-history":[{"count":62,"href":"https:\/\/www.almetalbahn-online.de\/index.php?rest_route=\/wp\/v2\/pages\/482\/revisions"}],"predecessor-version":[{"id":4423,"href":"https:\/\/www.almetalbahn-online.de\/index.php?rest_route=\/wp\/v2\/pages\/482\/revisions\/4423"}],"up":[{"embeddable":true,"href":"https:\/\/www.almetalbahn-online.de\/index.php?rest_route=\/wp\/v2\/pages\/453"}],"wp:attachment":[{"href":"https:\/\/www.almetalbahn-online.de\/index.php?rest_route=%2Fwp%2Fv2%2Fmedia&parent=482"}],"curies":[{"name":"wp","href":"https:\/\/api.w.org\/{rel}","templated":true}]}}