{"id":484,"date":"2019-07-29T14:59:30","date_gmt":"2019-07-29T12:59:30","guid":{"rendered":"https:\/\/www.almetalbahn-online.de\/?page_id=484"},"modified":"2025-07-11T11:34:24","modified_gmt":"2025-07-11T09:34:24","slug":"gleisbaustelle","status":"publish","type":"page","link":"https:\/\/www.almetalbahn-online.de\/?page_id=484","title":{"rendered":"Gleisbau im Museumsbahnhof"},"content":{"rendered":"<p>[vc_row][vc_column][vc_column_text css=&#8220;.vc_custom_1575206934194{margin: 10px !important;}&#8220;]Ein ganz zentrales Anliegen der AHE ist die Erweiterung der Abstellm\u00f6glichkeiten f\u00fcr die Fahrzeugsammlung auf dem Museumsbahnhof Almstedt &#8211; Segeste. W\u00e4hrend bis in die 1990er-Jahre neben den Gleisen des Museumsbahnhofes auch das Gleis 3 des Bahnhof Bodenburg durch den Verein genutzt werden konnte, entfiel der Bahnhof Bodenburg als Abstellm\u00f6glichkeit. Seitdem steht ein Teil der Fahrzeuge regelm\u00e4\u00dfig auf der Strecke Richtung Segeste-Grillplatz. Dieser Umstand ist nicht nur f\u00fcr die Fahrzeuge selbst nicht optimal, da sie Schatten und Laubwurf ausgesetzt sind, sondern er schr\u00e4nkt auch die M\u00f6glichkeiten zur freiz\u00fcgigen Nutzung unserer Strecke ein.<\/p>\n<p>Im Laufe der Jahrzehnte sind viele M\u00f6glichkeiten zur Erweiterung der Gleisanlagen eruiert und beantragt worden. M\u00f6glichkeiten im \u00f6stlichen Bahnhofsgebiet lie\u00dfen sich aufgrund lokaler Widerst\u00e4nde nicht realisieren und der nun eingeschlagene Weg erforderte viel Zeit: so waren durch die AHE u.a. Fl\u00e4chen anzukaufen. Letztlich geht mit der Erweiterung am Westende ein hervorragender Konsens einher:<\/p>\n<p>-Errichtung eines Abstellgleises aus dem geraden Strang der Doppelweiche<br>-Errichtung zweiten Abstellgleises \u00fcber den linken Strang der Doppelweiche und den geraden Strang einer doppelten Kreuzungsweiche (DKW)<br>-Errichtung eines dritten Abstellgleises \u00fcber den abzweigenden Strang der DKW<br>-vereinfachte Ent- und Beladung von Fahrzeugen auf Tieflader \u00fcber den nach Osten weisenden vierten Abzweig der DKW<br>-die gesamte Fahrzeugsammlung der AHE kann dort abgestellt werden<br>-im modernen Bahnbetrieb seltener werdende Weichenformen bleiben erhalten und k\u00f6nnen anschaulich vorgef\u00fchrt werden<\/p>\n<p>Damit schafft sich die AHE das Potential, Inaugenscheinnahme und Instandhaltungsarbeiten am Fuhrpark zu vereinfachen, Rangierbewegungen zu minimieren, Pflege der Bestandsstrecke zu vereinfachen und sie letzten Endes auch besser nutzen zu k\u00f6nnen, sodass das <strong>langfristige Ziel der Ert\u00fcchtigung der Strecke bis zum Grundkamp n\u00e4her r\u00fcckt<\/strong>. Diese Zusammenh\u00e4nge werden auch durch die folgenden Grafiken veranschaulicht.<\/p>\n\n<div class=\"wp-block-image\">\n<figure class=\"aligncenter size-large\"><img decoding=\"async\" loading=\"lazy\" width=\"1024\" height=\"598\" src=\"https:\/\/www.almetalbahn-online.de\/wp-content\/uploads\/2020\/03\/2020-03-22_18h08_52-1024x598.png\" alt=\"Abstellgleise im Museumsbahnhof und Modell des Endpunktes \u201eHaltepunkt Grundkamp\u201c (Quelle Karte: google earth)\" class=\"wp-image-2807\" srcset=\"https:\/\/www.almetalbahn-online.de\/wp-content\/uploads\/2020\/03\/2020-03-22_18h08_52-1024x598.png 1024w, https:\/\/www.almetalbahn-online.de\/wp-content\/uploads\/2020\/03\/2020-03-22_18h08_52-300x175.png 300w, https:\/\/www.almetalbahn-online.de\/wp-content\/uploads\/2020\/03\/2020-03-22_18h08_52-768x449.png 768w, https:\/\/www.almetalbahn-online.de\/wp-content\/uploads\/2020\/03\/2020-03-22_18h08_52-1536x897.png 1536w, https:\/\/www.almetalbahn-online.de\/wp-content\/uploads\/2020\/03\/2020-03-22_18h08_52-600x351.png 600w, https:\/\/www.almetalbahn-online.de\/wp-content\/uploads\/2020\/03\/2020-03-22_18h08_52.png 1554w\" sizes=\"(max-width: 1024px) 100vw, 1024px\" \/><figcaption class=\"wp-element-caption\"><em>Abstellgleise im Museumsbahnhof und Modell des Endpunktes \u201eHaltepunkt Grundkamp\u201c (Quelle Karte: google earth)<\/em><\/figcaption><\/figure><\/div>\n\n<div class=\"wp-block-image\">\n<figure class=\"aligncenter size-large\"><img decoding=\"async\" loading=\"lazy\" width=\"727\" height=\"970\" src=\"https:\/\/www.almetalbahn-online.de\/wp-content\/uploads\/2020\/03\/Abstellgleise.png\" alt=\"Luftbild des Baufeldes f\u00fcr unsere Abstellgleise, Jamsheed Sheivanie, 2018\" class=\"wp-image-2809\" srcset=\"https:\/\/www.almetalbahn-online.de\/wp-content\/uploads\/2020\/03\/Abstellgleise.png 727w, https:\/\/www.almetalbahn-online.de\/wp-content\/uploads\/2020\/03\/Abstellgleise-225x300.png 225w, https:\/\/www.almetalbahn-online.de\/wp-content\/uploads\/2020\/03\/Abstellgleise-600x801.png 600w\" sizes=\"(max-width: 727px) 100vw, 727px\" \/><figcaption class=\"wp-element-caption\"><em>Luftbild des Baufeldes f\u00fcr unsere Abstellgleise vor einem Bahnhofsfest, Jamsheed Sheivanie, 2018<\/em><\/figcaption><\/figure><\/div>\n\n\n<p> <\/p>\n\n\n\n<p>Im September 2020 begannen die Arbeiten an dem rechten Abstellgleis. Zun\u00e4chst wurden Stahlschwellen auf dem heutigen Umfahrgleis (Gleis 2) bereitgelegt. Dies hatte den Vorteil, dass der exakte Abstand zwischen den Schwellen direkt vom Umfahrgleis quasi als Schablone genommen werden konnte. Darauf folgend wurden die in Gleis 1 seit vielen Jahren lagernden Schienen, die aus dem in den 2000er Jahren erfolgten R\u00fcckbau des Industriestammgleis aus Hildesheim (ex HPKE) stammen, auf die Schwellen gelegt und mit Kleineisen verschraubt. Anschlie\u00dfend brachten unsere beiden Bagger 1602 und 1604 die so montierten Joche in die Zielposition. In nur anderthalb Wochen wurden so 384 Satz Kleineisen (bestehend aus Schraube, Mutter, Klemmelement und Federring), 96 Stahlschwellen und 12 Schienen zu 6 Jochen zusammengebaut und ausgelegt. Bereits beim Fahrtag am 03. \/ 04. Oktober 2020 konnten auf dem Baugleis die Baufahrzeuge der AHE pr\u00e4sentiert werden. <\/p>\n\n\n\n<p><strong>Aktualisierung 03\/2021<\/strong><\/p>\n\n\n\n<p>Die n\u00e4chsten Schritte sind nun das Bohren der Laschenl\u00f6cher sowie anschlie\u00dfend die grobe H\u00f6henausrichtung des Gleises. Aufgrund der Corona-Pandemie und der dadurch begrenzten M\u00f6glichkeiten des ehrenamtlichen Engagements wird die fokussierte Weiterarbeit an dieser Stelle zun\u00e4chst ausgesetzt werden m\u00fcssen. Parallel laufen unterdessen die Arbeiten an der Gleisbaumaschine Beaver 73 W langsam weiter, da sie an diesem Gleisst\u00fcck erstmals eingesetzt werden soll.<\/p>\n\n\n\n<p>Die Angabe eines Fertigstellungstermins f\u00fcr die Vollendung der Gleisbaustelle ist unter den Gegebenheiten der Pandemie schwierig, die Fertigstellung wird aber f\u00fcr den Verlauf des Jahres 2021 angestrebt.<\/p>\n\n\n\n<p><strong>Aktualisierung 07\/2021<\/strong><\/p>\n\n\n\n<p>Im weiteren Verlauf des Jahres war es aufgrund von Verbesserungen der Pandemiesituation m\u00f6glich, den Gleisbau auch in konzentrierten Aktionen und tw. unter Einbindung von Fremdfirmen fortzuf\u00fchren. So ist mittlerweile die DKW zu etwa 3\/4 zum Einbau vorbereitet. <\/p>\n\n\n\n<p>Highlight ist dabei, dass es gemeinsam mit der Firma VoestAlpine gelungen ist, sechs Schienenst\u00f6\u00dfe miteinander zu verschwei\u00dfen. Dies war erforderlich, weil an der DKW beim Voreigent\u00fcmer ein unsachgem\u00e4\u00dfer Brennschnitt vorgenommen worden war. Mit VoestAlpine ist nun die sachgem\u00e4\u00dfe Reparatur gelungen, da an 4 der St\u00f6\u00dfe keine Laschenmontage m\u00f6glich gewesen w\u00e4re. <\/p>\n\n\n\n<p>Die n\u00e4chsten Schritte sind nun die Vollendung der DKW an der &#8222;Montageposition&#8220; und danach dann der sukzessive Einbau am Einbauort. Wenn dieser erfolgt ist, k\u00f6nnen die beiden fehlenden Abstellgleise errichtet werden. <\/p>\n\n\n\n<p>Da unterdessen auch die Arbeiten an der Stopfmaschine &#8222;Beaver&#8220; fortgef\u00fchrt werden konnten, ist es realistisch, dass sowohl &#8222;Beaver&#8220;, als auch Abstellgleise so miteinander fertig werden, dass mit der &#8222;Beaver&#8220; die Gleise gestopft werden k\u00f6nnen.<\/p>\n\n\n\n<p><strong>Aktualisierung 07\/2022<\/strong><\/p>\n\n\n\n<p>Mittlerweile ist ein Jahr seit dem letzten Update vergangen und es hat sich viel getan. Die DKW und das zweite Abstellgleis sind ausgelegt. Das im Jahr 2020 ausgelegte erste Abstellgleis ist mittlerweile beim ersten Probelauf der Gleisstopf- und Richtmaschine &#8222;Beaver&#8220; bis kurz vor Zielh\u00f6he gestopft worden. Als n\u00e4chste Schritte folgen nun das Bohren und Verlaschen der Schienenst\u00f6\u00dfe und anschlie\u00dfend das Stopfen auf Zielh\u00f6he. Die Errichtung des dritten Abstellgleises erfolgt dann im Anschluss (voraussichtlich im Fr\u00fchjahr 2023).  <\/p>\n\n\n\n<p><strong>Aktualisierung 10\/2022<\/strong><\/p>\n\n\n\n<p>Im Sommer sind das Bohren und das Verlaschen der Schienenst\u00f6\u00dfe f\u00fcr das mittlere Abstellgleis erfolgt. Mittlerweile ist auch das erste Joch des dritten Abstellgleises ausgelegt, sodass die Fertigstellung der Abstellgleisgruppe im Fr\u00fchjahr 2023 in greifbare N\u00e4he r\u00fcckt.<\/p>\n\n\n\n<p><strong>Aktualisierung 07\/2025<\/strong><\/p>\n\n\n\n<p>In der Zwischenzeit ist die DKW mit der Stellmechanik ausgestattet worden. Auch die Weichenbeleuchtung ist mittlerweile funktionsf\u00e4hig. Mehrere Gleisabschnitte sind schon beim testweisen Betrieb der Gleisstopfmaschine &#8222;Beaver&#8220; erfolgreich gestopft worden. Auch der Briefkasten der AHE ist mittlerweile im Bereich der Abstellgruppe in einem Betonschalthaus installiert.<\/p>\n\n\n\n<p><strong>Weiterer F\u00f6rderbedarf<\/strong><\/p>\n\n\n\n<p>Im Rahmen der n\u00e4chsten Jahre wird die Bestandsstrecke zum Grillplatz hinsichtlich des Oberbaus saniert werden m\u00fcssen. W\u00e4hrend die Schienen noch auf viele Jahrzehnte weiterverwendbar sind, sind die Holzschwellen aus dem Jahre 1964 in ihrem letzten Lebensabschnitt. Dieser Bereich soll perspektivisch auch mit Stahlschwellen ausgestattet werden. Sollten Sie uns hierbei, zum Beispiel durch entsprechende Stahlschwellen mit Oberbau K f\u00fcr Schiene S49, unterst\u00fctzen k\u00f6nnen, lassen Sie es uns gern wissen. <\/p>\n\n\n\n<p>[\/vc_column_text][\/vc_column][\/vc_row] <\/p>\n","protected":false},"excerpt":{"rendered":"<p>[vc_row][vc_column][vc_column_text css=&#8220;.vc_custom_1575206934194{margin: 10px !important;}&#8220;]Ein ganz zentrales Anliegen der AHE ist die Erweiterung der Abstellm\u00f6glichkeiten f\u00fcr die Fahrzeugsammlung auf dem Museumsbahnhof Almstedt &#8211; Segeste. W\u00e4hrend bis in die 1990er-Jahre neben den [&hellip;]<\/p>\n","protected":false},"author":2,"featured_media":0,"parent":453,"menu_order":3,"comment_status":"closed","ping_status":"closed","template":"","meta":{"_links_to":"","_links_to_target":""},"yoast_head":"<!-- This site is optimized with the Yoast SEO plugin v21.0 - https:\/\/yoast.com\/wordpress\/plugins\/seo\/ -->\n<title>Gleisbau im Museumsbahnhof - Arbeitsgemeinschaft Historische Eisenbahn e.V.<\/title>\n<meta name=\"robots\" content=\"index, follow, max-snippet:-1, max-image-preview:large, max-video-preview:-1\" \/>\n<link rel=\"canonical\" href=\"https:\/\/www.almetalbahn-online.de\/?page_id=484\" \/>\n<meta property=\"og:locale\" content=\"de_DE\" \/>\n<meta property=\"og:type\" content=\"article\" \/>\n<meta property=\"og:title\" content=\"Gleisbau im Museumsbahnhof - Arbeitsgemeinschaft Historische Eisenbahn e.V.\" \/>\n<meta property=\"og:description\" content=\"[vc_row][vc_column][vc_column_text css=&#8220;.vc_custom_1575206934194{margin: 10px !important;}&#8220;]Ein ganz zentrales Anliegen der AHE ist die Erweiterung der Abstellm\u00f6glichkeiten f\u00fcr die Fahrzeugsammlung auf dem Museumsbahnhof Almstedt &#8211; Segeste. W\u00e4hrend bis in die 1990er-Jahre neben den [&hellip;]\" \/>\n<meta property=\"og:url\" content=\"https:\/\/www.almetalbahn-online.de\/?page_id=484\" \/>\n<meta property=\"og:site_name\" content=\"Arbeitsgemeinschaft Historische Eisenbahn e.V.\" \/>\n<meta property=\"article:publisher\" content=\"https:\/\/www.facebook.com\/Almetalbahn\/\" \/>\n<meta property=\"article:modified_time\" content=\"2025-07-11T09:34:24+00:00\" \/>\n<meta property=\"og:image\" content=\"https:\/\/www.almetalbahn-online.de\/wp-content\/uploads\/2020\/03\/2020-03-22_18h08_52-1024x598.png\" \/>\n<meta name=\"twitter:card\" content=\"summary_large_image\" \/>\n<meta name=\"twitter:label1\" content=\"Gesch\u00e4tzte Lesezeit\" \/>\n\t<meta name=\"twitter:data1\" content=\"6\u00a0Minuten\" \/>\n<script type=\"application\/ld+json\" class=\"yoast-schema-graph\">{\"@context\":\"https:\/\/schema.org\",\"@graph\":[{\"@type\":\"WebPage\",\"@id\":\"https:\/\/www.almetalbahn-online.de\/?page_id=484\",\"url\":\"https:\/\/www.almetalbahn-online.de\/?page_id=484\",\"name\":\"Gleisbau im Museumsbahnhof - Arbeitsgemeinschaft Historische Eisenbahn e.V.\",\"isPartOf\":{\"@id\":\"https:\/\/www.almetalbahn-online.de\/#website\"},\"datePublished\":\"2019-07-29T12:59:30+00:00\",\"dateModified\":\"2025-07-11T09:34:24+00:00\",\"breadcrumb\":{\"@id\":\"https:\/\/www.almetalbahn-online.de\/?page_id=484#breadcrumb\"},\"inLanguage\":\"de\",\"potentialAction\":[{\"@type\":\"ReadAction\",\"target\":[\"https:\/\/www.almetalbahn-online.de\/?page_id=484\"]}]},{\"@type\":\"BreadcrumbList\",\"@id\":\"https:\/\/www.almetalbahn-online.de\/?page_id=484#breadcrumb\",\"itemListElement\":[{\"@type\":\"ListItem\",\"position\":1,\"name\":\"Startseite\",\"item\":\"https:\/\/www.almetalbahn-online.de\/\"},{\"@type\":\"ListItem\",\"position\":2,\"name\":\"Projekte\",\"item\":\"https:\/\/www.almetalbahn-online.de\/?page_id=453\"},{\"@type\":\"ListItem\",\"position\":3,\"name\":\"Gleisbau im Museumsbahnhof\"}]},{\"@type\":\"WebSite\",\"@id\":\"https:\/\/www.almetalbahn-online.de\/#website\",\"url\":\"https:\/\/www.almetalbahn-online.de\/\",\"name\":\"Arbeitsgemeinschaft Historische Eisenbahn e.V.\",\"description\":\"Almetalbahn\",\"publisher\":{\"@id\":\"https:\/\/www.almetalbahn-online.de\/#organization\"},\"potentialAction\":[{\"@type\":\"SearchAction\",\"target\":{\"@type\":\"EntryPoint\",\"urlTemplate\":\"https:\/\/www.almetalbahn-online.de\/?s={search_term_string}\"},\"query-input\":\"required name=search_term_string\"}],\"inLanguage\":\"de\"},{\"@type\":\"Organization\",\"@id\":\"https:\/\/www.almetalbahn-online.de\/#organization\",\"name\":\"Arbeitsgemeinschaft Historische Eisenbahn e.V.\",\"url\":\"https:\/\/www.almetalbahn-online.de\/\",\"logo\":{\"@type\":\"ImageObject\",\"inLanguage\":\"de\",\"@id\":\"https:\/\/www.almetalbahn-online.de\/#\/schema\/logo\/image\/\",\"url\":\"https:\/\/www.almetalbahn-online.de\/wp-content\/uploads\/2019\/12\/T3_Zeichnung-e1573062427353.png\",\"contentUrl\":\"https:\/\/www.almetalbahn-online.de\/wp-content\/uploads\/2019\/12\/T3_Zeichnung-e1573062427353.png\",\"width\":200,\"height\":97,\"caption\":\"Arbeitsgemeinschaft Historische Eisenbahn e.V.\"},\"image\":{\"@id\":\"https:\/\/www.almetalbahn-online.de\/#\/schema\/logo\/image\/\"},\"sameAs\":[\"https:\/\/www.facebook.com\/Almetalbahn\/\",\"https:\/\/www.instagram.com\/almetalbahn\/\"]}]}<\/script>\n<!-- \/ Yoast SEO plugin. -->","yoast_head_json":{"title":"Gleisbau im Museumsbahnhof - Arbeitsgemeinschaft Historische Eisenbahn e.V.","robots":{"index":"index","follow":"follow","max-snippet":"max-snippet:-1","max-image-preview":"max-image-preview:large","max-video-preview":"max-video-preview:-1"},"canonical":"https:\/\/www.almetalbahn-online.de\/?page_id=484","og_locale":"de_DE","og_type":"article","og_title":"Gleisbau im Museumsbahnhof - Arbeitsgemeinschaft Historische Eisenbahn e.V.","og_description":"[vc_row][vc_column][vc_column_text css=&#8220;.vc_custom_1575206934194{margin: 10px !important;}&#8220;]Ein ganz zentrales Anliegen der AHE ist die Erweiterung der Abstellm\u00f6glichkeiten f\u00fcr die Fahrzeugsammlung auf dem Museumsbahnhof Almstedt &#8211; Segeste. W\u00e4hrend bis in die 1990er-Jahre neben den [&hellip;]","og_url":"https:\/\/www.almetalbahn-online.de\/?page_id=484","og_site_name":"Arbeitsgemeinschaft Historische Eisenbahn e.V.","article_publisher":"https:\/\/www.facebook.com\/Almetalbahn\/","article_modified_time":"2025-07-11T09:34:24+00:00","og_image":[{"url":"https:\/\/www.almetalbahn-online.de\/wp-content\/uploads\/2020\/03\/2020-03-22_18h08_52-1024x598.png"}],"twitter_card":"summary_large_image","twitter_misc":{"Gesch\u00e4tzte Lesezeit":"6\u00a0Minuten"},"schema":{"@context":"https:\/\/schema.org","@graph":[{"@type":"WebPage","@id":"https:\/\/www.almetalbahn-online.de\/?page_id=484","url":"https:\/\/www.almetalbahn-online.de\/?page_id=484","name":"Gleisbau im Museumsbahnhof - Arbeitsgemeinschaft Historische Eisenbahn e.V.","isPartOf":{"@id":"https:\/\/www.almetalbahn-online.de\/#website"},"datePublished":"2019-07-29T12:59:30+00:00","dateModified":"2025-07-11T09:34:24+00:00","breadcrumb":{"@id":"https:\/\/www.almetalbahn-online.de\/?page_id=484#breadcrumb"},"inLanguage":"de","potentialAction":[{"@type":"ReadAction","target":["https:\/\/www.almetalbahn-online.de\/?page_id=484"]}]},{"@type":"BreadcrumbList","@id":"https:\/\/www.almetalbahn-online.de\/?page_id=484#breadcrumb","itemListElement":[{"@type":"ListItem","position":1,"name":"Startseite","item":"https:\/\/www.almetalbahn-online.de\/"},{"@type":"ListItem","position":2,"name":"Projekte","item":"https:\/\/www.almetalbahn-online.de\/?page_id=453"},{"@type":"ListItem","position":3,"name":"Gleisbau im Museumsbahnhof"}]},{"@type":"WebSite","@id":"https:\/\/www.almetalbahn-online.de\/#website","url":"https:\/\/www.almetalbahn-online.de\/","name":"Arbeitsgemeinschaft Historische Eisenbahn e.V.","description":"Almetalbahn","publisher":{"@id":"https:\/\/www.almetalbahn-online.de\/#organization"},"potentialAction":[{"@type":"SearchAction","target":{"@type":"EntryPoint","urlTemplate":"https:\/\/www.almetalbahn-online.de\/?s={search_term_string}"},"query-input":"required name=search_term_string"}],"inLanguage":"de"},{"@type":"Organization","@id":"https:\/\/www.almetalbahn-online.de\/#organization","name":"Arbeitsgemeinschaft Historische Eisenbahn e.V.","url":"https:\/\/www.almetalbahn-online.de\/","logo":{"@type":"ImageObject","inLanguage":"de","@id":"https:\/\/www.almetalbahn-online.de\/#\/schema\/logo\/image\/","url":"https:\/\/www.almetalbahn-online.de\/wp-content\/uploads\/2019\/12\/T3_Zeichnung-e1573062427353.png","contentUrl":"https:\/\/www.almetalbahn-online.de\/wp-content\/uploads\/2019\/12\/T3_Zeichnung-e1573062427353.png","width":200,"height":97,"caption":"Arbeitsgemeinschaft Historische Eisenbahn e.V."},"image":{"@id":"https:\/\/www.almetalbahn-online.de\/#\/schema\/logo\/image\/"},"sameAs":["https:\/\/www.facebook.com\/Almetalbahn\/","https:\/\/www.instagram.com\/almetalbahn\/"]}]}},"_links":{"self":[{"href":"https:\/\/www.almetalbahn-online.de\/index.php?rest_route=\/wp\/v2\/pages\/484"}],"collection":[{"href":"https:\/\/www.almetalbahn-online.de\/index.php?rest_route=\/wp\/v2\/pages"}],"about":[{"href":"https:\/\/www.almetalbahn-online.de\/index.php?rest_route=\/wp\/v2\/types\/page"}],"author":[{"embeddable":true,"href":"https:\/\/www.almetalbahn-online.de\/index.php?rest_route=\/wp\/v2\/users\/2"}],"replies":[{"embeddable":true,"href":"https:\/\/www.almetalbahn-online.de\/index.php?rest_route=%2Fwp%2Fv2%2Fcomments&post=484"}],"version-history":[{"count":42,"href":"https:\/\/www.almetalbahn-online.de\/index.php?rest_route=\/wp\/v2\/pages\/484\/revisions"}],"predecessor-version":[{"id":5232,"href":"https:\/\/www.almetalbahn-online.de\/index.php?rest_route=\/wp\/v2\/pages\/484\/revisions\/5232"}],"up":[{"embeddable":true,"href":"https:\/\/www.almetalbahn-online.de\/index.php?rest_route=\/wp\/v2\/pages\/453"}],"wp:attachment":[{"href":"https:\/\/www.almetalbahn-online.de\/index.php?rest_route=%2Fwp%2Fv2%2Fmedia&parent=484"}],"curies":[{"name":"wp","href":"https:\/\/api.w.org\/{rel}","templated":true}]}}