{"id":4258,"date":"2022-10-04T14:35:34","date_gmt":"2022-10-04T12:35:34","guid":{"rendered":"https:\/\/www.almetalbahn-online.de\/?post_type=tribe_events&#038;p=4258"},"modified":"2023-05-02T19:39:49","modified_gmt":"2023-05-02T17:39:49","slug":"fruehlingsfest-bei-der-almetalbahn","status":"publish","type":"tribe_events","link":"https:\/\/www.almetalbahn-online.de\/?tribe_events=fruehlingsfest-bei-der-almetalbahn","title":{"rendered":"Fr\u00fchlingsfest bei der Almetalbahn"},"content":{"rendered":"<p>Beim Fr\u00fchlingsfest werden wieder die T\u00fcren unseres Museumsbahnhofes ge\u00f6ffnet!<\/p>\n<div class=\"tribe-events-single-event-description tribe-events-content\">\n<p>Genie\u00dfen Sie bei freiem Eintritt wieder Cabriofahrten auf dem Rottenkraftwagen und F\u00fchrerstandsmitfahrten auf der T3 &#8222;Schunter&#8220; und setzten Sie sich mit dem Museumszug in Bewegung. Staunen Sie des weiteren \u00fcber unser historisches Museumsbahnhofsareal und lassen Sie sich mitnehmen auf eine Zeitreise in eine l\u00e4ngst vergangene Epoche.<br \/>\nDa die K\u00f6f II derzeit ihre Zwischenuntersuchung erh\u00e4lt, wird der Museumszug von der T3 &#8222;Schunter&#8220; und der Diesellokomotive &#8222;Wirus&#8220; bef\u00f6rdert.<\/p>\n<p>Modelleisenbahn runden das Flair ab. So wird im\u00a0 Lokomotivschuppen eine gro\u00dfe Modellbahnanlage in Spur 1 (Ma\u00dfstab 1:32) in der Epoche III \/ IV vorgef\u00fchrt. Durch den gro\u00dfen Ma\u00dfstab vermitteln die Modelle anschaulich einen Eindruck der &#8222;Eisenbahn zur Bundesbahnzeit&#8220;.<\/p>\n<p>F\u00fcr Verk\u00f6stigung wird wieder an unseren umfangreichen Grill- und Caf\u00e9st\u00e4nden gesorgt.<\/p>\n<p>F\u00fcr den Samstag, 13.05.2023, haben sich zwei Highlights mit Gummibereifung angek\u00fcndigt. Zum Festauftakt wird die Alt-Opel-IG mit historischen PKW der Marke Opel zu Besuch sein und am Nachmittag werden zwei historische Reisebusse erwartet.<\/p>\n<p>Weitere Programmpunkte sind in Detaillierung. Informieren Sie sich gerne hier von Zeit zu Zeit.<br \/>\nSie haben Oldtimer oder alte landwirtschaftliche Ger\u00e4te, die Sie gerne ausstellen m\u00f6chten? Sprechen Sie uns gerne an!<\/p>\n<p><strong>Die \u00d6ffnungszeiten:<\/strong><br \/>\nSamstag von 11:00 Uhr bis 18:00 Uhr<br \/>\nSonntag von 10:00 Uhr bis 17:00 Uhr<\/p>\n<p><strong>Anreise:<\/strong><br \/>\n<strong>Parkm\u00f6glichkeiten<\/strong> auf dem Gel\u00e4nde des Museumsbahnhofgel\u00e4nde und entlang der Stra\u00dfe von Segeste in Richtung Almstedt (nicht in die Gegenrichtung!).<br \/>\nHinweise zum\u00a0 <strong>\u00d6PNV<\/strong>\u00a0 finden Sie <a href=\"https:\/\/www.rvhi-hildesheim.de\/de\/Fahrplan\/ALT-Fahrplaene\/ALT-Fahrplaene\/661-Sibbesse-2021-WEB.pdf\">hier<\/a>.<\/p>\n<\/div>\n","protected":false},"excerpt":{"rendered":"<p>Beim Fr\u00fchlingsfest werden wieder die T\u00fcren unseres Museumsbahnhofes ge\u00f6ffnet! Genie\u00dfen Sie bei freiem Eintritt wieder Cabriofahrten auf dem Rottenkraftwagen und F\u00fchrerstandsmitfahrten auf der T3 &#8222;Schunter&#8220; und setzten Sie sich mit [&hellip;]<\/p>\n","protected":false},"author":3,"featured_media":1095,"comment_status":"open","ping_status":"closed","template":"","meta":{"_tribe_events_status":"","_tribe_events_status_reason":"","_links_to":"","_links_to_target":""},"tags":[],"tribe_events_cat":[56,60],"yoast_head":"<!-- This site is optimized with the Yoast SEO plugin v21.0 - https:\/\/yoast.com\/wordpress\/plugins\/seo\/ -->\n<title>Fr\u00fchlingsfest bei der Almetalbahn - Arbeitsgemeinschaft Historische Eisenbahn e.V.<\/title>\n<meta name=\"robots\" content=\"index, follow, max-snippet:-1, max-image-preview:large, max-video-preview:-1\" \/>\n<link rel=\"canonical\" href=\"https:\/\/www.almetalbahn-online.de\/?tribe_events=fruehlingsfest-bei-der-almetalbahn\" \/>\n<meta property=\"og:locale\" content=\"de_DE\" \/>\n<meta property=\"og:type\" content=\"article\" \/>\n<meta property=\"og:title\" content=\"Fr\u00fchlingsfest bei der Almetalbahn - Arbeitsgemeinschaft Historische Eisenbahn e.V.\" \/>\n<meta property=\"og:description\" content=\"Beim Fr\u00fchlingsfest werden wieder die T\u00fcren unseres Museumsbahnhofes ge\u00f6ffnet! Genie\u00dfen Sie bei freiem Eintritt wieder Cabriofahrten auf dem Rottenkraftwagen und F\u00fchrerstandsmitfahrten auf der T3 &#8222;Schunter&#8220; und setzten Sie sich mit [&hellip;]\" \/>\n<meta property=\"og:url\" content=\"https:\/\/www.almetalbahn-online.de\/?tribe_events=fruehlingsfest-bei-der-almetalbahn\" \/>\n<meta property=\"og:site_name\" content=\"Arbeitsgemeinschaft Historische Eisenbahn e.V.\" \/>\n<meta property=\"article:publisher\" content=\"https:\/\/www.facebook.com\/Almetalbahn\/\" \/>\n<meta property=\"article:modified_time\" content=\"2023-05-02T17:39:49+00:00\" \/>\n<meta property=\"og:image\" content=\"https:\/\/www.almetalbahn-online.de\/wp-content\/uploads\/2019\/11\/IMG_3307.jpg\" \/>\n\t<meta property=\"og:image:width\" content=\"1620\" \/>\n\t<meta property=\"og:image:height\" content=\"1080\" \/>\n\t<meta property=\"og:image:type\" content=\"image\/jpeg\" \/>\n<meta name=\"twitter:card\" content=\"summary_large_image\" \/>\n<meta name=\"twitter:label1\" content=\"Gesch\u00e4tzte Lesezeit\" \/>\n\t<meta name=\"twitter:data1\" content=\"2\u00a0Minuten\" \/>\n<script type=\"application\/ld+json\" class=\"yoast-schema-graph\">{\"@context\":\"https:\/\/schema.org\",\"@graph\":[{\"@type\":\"WebPage\",\"@id\":\"https:\/\/www.almetalbahn-online.de\/?tribe_events=fruehlingsfest-bei-der-almetalbahn\",\"url\":\"https:\/\/www.almetalbahn-online.de\/?tribe_events=fruehlingsfest-bei-der-almetalbahn\",\"name\":\"Fr\u00fchlingsfest bei der Almetalbahn - Arbeitsgemeinschaft Historische Eisenbahn e.V.\",\"isPartOf\":{\"@id\":\"https:\/\/www.almetalbahn-online.de\/#website\"},\"datePublished\":\"2022-10-04T12:35:34+00:00\",\"dateModified\":\"2023-05-02T17:39:49+00:00\",\"breadcrumb\":{\"@id\":\"https:\/\/www.almetalbahn-online.de\/?tribe_events=fruehlingsfest-bei-der-almetalbahn#breadcrumb\"},\"inLanguage\":\"de\",\"potentialAction\":[{\"@type\":\"ReadAction\",\"target\":[\"https:\/\/www.almetalbahn-online.de\/?tribe_events=fruehlingsfest-bei-der-almetalbahn\"]}]},{\"@type\":\"BreadcrumbList\",\"@id\":\"https:\/\/www.almetalbahn-online.de\/?tribe_events=fruehlingsfest-bei-der-almetalbahn#breadcrumb\",\"itemListElement\":[{\"@type\":\"ListItem\",\"position\":1,\"name\":\"Startseite\",\"item\":\"https:\/\/www.almetalbahn-online.de\/\"},{\"@type\":\"ListItem\",\"position\":2,\"name\":\"Veranstaltungen\",\"item\":\"https:\/\/www.almetalbahn-online.de\/?post_type=tribe_events\"},{\"@type\":\"ListItem\",\"position\":3,\"name\":\"Fr\u00fchlingsfest bei der Almetalbahn\"}]},{\"@type\":\"WebSite\",\"@id\":\"https:\/\/www.almetalbahn-online.de\/#website\",\"url\":\"https:\/\/www.almetalbahn-online.de\/\",\"name\":\"Arbeitsgemeinschaft Historische Eisenbahn e.V.\",\"description\":\"Almetalbahn\",\"publisher\":{\"@id\":\"https:\/\/www.almetalbahn-online.de\/#organization\"},\"potentialAction\":[{\"@type\":\"SearchAction\",\"target\":{\"@type\":\"EntryPoint\",\"urlTemplate\":\"https:\/\/www.almetalbahn-online.de\/?s={search_term_string}\"},\"query-input\":\"required name=search_term_string\"}],\"inLanguage\":\"de\"},{\"@type\":\"Organization\",\"@id\":\"https:\/\/www.almetalbahn-online.de\/#organization\",\"name\":\"Arbeitsgemeinschaft Historische Eisenbahn e.V.\",\"url\":\"https:\/\/www.almetalbahn-online.de\/\",\"logo\":{\"@type\":\"ImageObject\",\"inLanguage\":\"de\",\"@id\":\"https:\/\/www.almetalbahn-online.de\/#\/schema\/logo\/image\/\",\"url\":\"https:\/\/www.almetalbahn-online.de\/wp-content\/uploads\/2019\/12\/T3_Zeichnung-e1573062427353.png\",\"contentUrl\":\"https:\/\/www.almetalbahn-online.de\/wp-content\/uploads\/2019\/12\/T3_Zeichnung-e1573062427353.png\",\"width\":200,\"height\":97,\"caption\":\"Arbeitsgemeinschaft Historische Eisenbahn e.V.\"},\"image\":{\"@id\":\"https:\/\/www.almetalbahn-online.de\/#\/schema\/logo\/image\/\"},\"sameAs\":[\"https:\/\/www.facebook.com\/Almetalbahn\/\",\"https:\/\/www.instagram.com\/almetalbahn\/\"]}]}<\/script>\n<!-- \/ Yoast SEO plugin. -->","yoast_head_json":{"title":"Fr\u00fchlingsfest bei der Almetalbahn - Arbeitsgemeinschaft Historische Eisenbahn e.V.","robots":{"index":"index","follow":"follow","max-snippet":"max-snippet:-1","max-image-preview":"max-image-preview:large","max-video-preview":"max-video-preview:-1"},"canonical":"https:\/\/www.almetalbahn-online.de\/?tribe_events=fruehlingsfest-bei-der-almetalbahn","og_locale":"de_DE","og_type":"article","og_title":"Fr\u00fchlingsfest bei der Almetalbahn - Arbeitsgemeinschaft Historische Eisenbahn e.V.","og_description":"Beim Fr\u00fchlingsfest werden wieder die T\u00fcren unseres Museumsbahnhofes ge\u00f6ffnet! Genie\u00dfen Sie bei freiem Eintritt wieder Cabriofahrten auf dem Rottenkraftwagen und F\u00fchrerstandsmitfahrten auf der T3 &#8222;Schunter&#8220; und setzten Sie sich mit [&hellip;]","og_url":"https:\/\/www.almetalbahn-online.de\/?tribe_events=fruehlingsfest-bei-der-almetalbahn","og_site_name":"Arbeitsgemeinschaft Historische Eisenbahn e.V.","article_publisher":"https:\/\/www.facebook.com\/Almetalbahn\/","article_modified_time":"2023-05-02T17:39:49+00:00","og_image":[{"width":1620,"height":1080,"url":"https:\/\/www.almetalbahn-online.de\/wp-content\/uploads\/2019\/11\/IMG_3307.jpg","type":"image\/jpeg"}],"twitter_card":"summary_large_image","twitter_misc":{"Gesch\u00e4tzte Lesezeit":"2\u00a0Minuten"},"schema":{"@context":"https:\/\/schema.org","@graph":[{"@type":"WebPage","@id":"https:\/\/www.almetalbahn-online.de\/?tribe_events=fruehlingsfest-bei-der-almetalbahn","url":"https:\/\/www.almetalbahn-online.de\/?tribe_events=fruehlingsfest-bei-der-almetalbahn","name":"Fr\u00fchlingsfest bei der Almetalbahn - Arbeitsgemeinschaft Historische Eisenbahn e.V.","isPartOf":{"@id":"https:\/\/www.almetalbahn-online.de\/#website"},"datePublished":"2022-10-04T12:35:34+00:00","dateModified":"2023-05-02T17:39:49+00:00","breadcrumb":{"@id":"https:\/\/www.almetalbahn-online.de\/?tribe_events=fruehlingsfest-bei-der-almetalbahn#breadcrumb"},"inLanguage":"de","potentialAction":[{"@type":"ReadAction","target":["https:\/\/www.almetalbahn-online.de\/?tribe_events=fruehlingsfest-bei-der-almetalbahn"]}]},{"@type":"BreadcrumbList","@id":"https:\/\/www.almetalbahn-online.de\/?tribe_events=fruehlingsfest-bei-der-almetalbahn#breadcrumb","itemListElement":[{"@type":"ListItem","position":1,"name":"Startseite","item":"https:\/\/www.almetalbahn-online.de\/"},{"@type":"ListItem","position":2,"name":"Veranstaltungen","item":"https:\/\/www.almetalbahn-online.de\/?post_type=tribe_events"},{"@type":"ListItem","position":3,"name":"Fr\u00fchlingsfest bei der Almetalbahn"}]},{"@type":"WebSite","@id":"https:\/\/www.almetalbahn-online.de\/#website","url":"https:\/\/www.almetalbahn-online.de\/","name":"Arbeitsgemeinschaft Historische Eisenbahn e.V.","description":"Almetalbahn","publisher":{"@id":"https:\/\/www.almetalbahn-online.de\/#organization"},"potentialAction":[{"@type":"SearchAction","target":{"@type":"EntryPoint","urlTemplate":"https:\/\/www.almetalbahn-online.de\/?s={search_term_string}"},"query-input":"required name=search_term_string"}],"inLanguage":"de"},{"@type":"Organization","@id":"https:\/\/www.almetalbahn-online.de\/#organization","name":"Arbeitsgemeinschaft Historische Eisenbahn e.V.","url":"https:\/\/www.almetalbahn-online.de\/","logo":{"@type":"ImageObject","inLanguage":"de","@id":"https:\/\/www.almetalbahn-online.de\/#\/schema\/logo\/image\/","url":"https:\/\/www.almetalbahn-online.de\/wp-content\/uploads\/2019\/12\/T3_Zeichnung-e1573062427353.png","contentUrl":"https:\/\/www.almetalbahn-online.de\/wp-content\/uploads\/2019\/12\/T3_Zeichnung-e1573062427353.png","width":200,"height":97,"caption":"Arbeitsgemeinschaft Historische Eisenbahn e.V."},"image":{"@id":"https:\/\/www.almetalbahn-online.de\/#\/schema\/logo\/image\/"},"sameAs":["https:\/\/www.facebook.com\/Almetalbahn\/","https:\/\/www.instagram.com\/almetalbahn\/"]}]}},"_links":{"self":[{"href":"https:\/\/www.almetalbahn-online.de\/index.php?rest_route=\/wp\/v2\/tribe_events\/4258"}],"collection":[{"href":"https:\/\/www.almetalbahn-online.de\/index.php?rest_route=\/wp\/v2\/tribe_events"}],"about":[{"href":"https:\/\/www.almetalbahn-online.de\/index.php?rest_route=\/wp\/v2\/types\/tribe_events"}],"author":[{"embeddable":true,"href":"https:\/\/www.almetalbahn-online.de\/index.php?rest_route=\/wp\/v2\/users\/3"}],"replies":[{"embeddable":true,"href":"https:\/\/www.almetalbahn-online.de\/index.php?rest_route=%2Fwp%2Fv2%2Fcomments&post=4258"}],"version-history":[{"count":7,"href":"https:\/\/www.almetalbahn-online.de\/index.php?rest_route=\/wp\/v2\/tribe_events\/4258\/revisions"}],"predecessor-version":[{"id":4638,"href":"https:\/\/www.almetalbahn-online.de\/index.php?rest_route=\/wp\/v2\/tribe_events\/4258\/revisions\/4638"}],"wp:featuredmedia":[{"embeddable":true,"href":"https:\/\/www.almetalbahn-online.de\/index.php?rest_route=\/wp\/v2\/media\/1095"}],"wp:attachment":[{"href":"https:\/\/www.almetalbahn-online.de\/index.php?rest_route=%2Fwp%2Fv2%2Fmedia&parent=4258"}],"wp:term":[{"taxonomy":"post_tag","embeddable":true,"href":"https:\/\/www.almetalbahn-online.de\/index.php?rest_route=%2Fwp%2Fv2%2Ftags&post=4258"},{"taxonomy":"tribe_events_cat","embeddable":true,"href":"https:\/\/www.almetalbahn-online.de\/index.php?rest_route=%2Fwp%2Fv2%2Ftribe_events_cat&post=4258"}],"curies":[{"name":"wp","href":"https:\/\/api.w.org\/{rel}","templated":true}]}}

Frühlingsfest bei der Almetalbahn

<p>Beim Frühlingsfest werden wieder die Türen unseres Museumsbahnhofes geöffnet!</p>
<div class="tribe-events-single-event-description tribe-events-content">
<p>Genießen Sie bei freiem Eintritt wieder Cabriofahrten auf dem Rottenkraftwagen und Führerstandsmitfahrten auf der T3 &#8222;Schunter&#8220; und setzten Sie sich mit dem Museumszug in Bewegung. Staunen Sie des weiteren über unser historisches Museumsbahnhofsareal und lassen Sie sich mitnehmen auf eine Zeitreise in eine längst vergangene Epoche.<br />
Da die Köf II derzeit ihre Zwischenuntersuchung erhält, wird der Museumszug von der T3 &#8222;Schunter&#8220; und der Diesellokomotive &#8222;Wirus&#8220; befördert.</p>
<p>Modelleisenbahn runden das Flair ab. So wird im  Lokomotivschuppen eine große Modellbahnanlage in Spur 1 (Maßstab 1:32) in der Epoche III / IV vorgeführt. Durch den großen Maßstab vermitteln die Modelle anschaulich einen Eindruck der &#8222;Eisenbahn zur Bundesbahnzeit&#8220;.</p>
<p>Für Verköstigung wird wieder an unseren umfangreichen Grill- und Caféständen gesorgt.</p>
<p>Für den Samstag, 13.05.2023, haben sich zwei Highlights mit Gummibereifung angekündigt. Zum Festauftakt wird die Alt-Opel-IG mit historischen PKW der Marke Opel zu Besuch sein und am Nachmittag werden zwei historische Reisebusse erwartet.</p>
<p>Weitere Programmpunkte sind in Detaillierung. Informieren Sie sich gerne hier von Zeit zu Zeit.<br />
Sie haben Oldtimer oder alte landwirtschaftliche Geräte, die Sie gerne ausstellen möchten? Sprechen Sie uns gerne an!</p>
<p><strong>Die Öffnungszeiten:</strong><br />
Samstag von 11:00 Uhr bis 18:00 Uhr<br />
Sonntag von 10:00 Uhr bis 17:00 Uhr</p>
<p><strong>Anreise:</strong><br />
<strong>Parkmöglichkeiten</strong> auf dem Gelände des Museumsbahnhofgelände und entlang der Straße von Segeste in Richtung Almstedt (nicht in die Gegenrichtung!).<br />
Hinweise zum  <strong>ÖPNV</strong>  finden Sie <a href="https://www.rvhi-hildesheim.de/de/Fahrplan/ALT-Fahrplaene/ALT-Fahrplaene/661-Sibbesse-2021-WEB.pdf">hier</a>.</p>
</div>

<p>Beim Frühlingsfest werden wieder die Türen unseres Museumsbahnhofes geöffnet! Genießen Sie bei freiem Eintritt wieder Cabriofahrten auf dem Rottenkraftwagen und Führerstandsmitfahrten auf der T3 &#8222;Schunter&#8220; und setzten Sie sich mit [&hellip;]</p>

<!-- This site is optimized with the Yoast SEO plugin v21.0 - https://yoast.com/wordpress/plugins/seo/ -->
<title>Frühlingsfest bei der Almetalbahn - Arbeitsgemeinschaft Historische Eisenbahn e.V.</title>
<meta name="robots" content="index, follow, max-snippet:-1, max-image-preview:large, max-video-preview:-1" />
<link rel="canonical" href="https://www.almetalbahn-online.de/?tribe_events=fruehlingsfest-bei-der-almetalbahn" />
<meta property="og:locale" content="de_DE" />
<meta property="og:type" content="article" />
<meta property="og:title" content="Frühlingsfest bei der Almetalbahn - Arbeitsgemeinschaft Historische Eisenbahn e.V." />
<meta property="og:description" content="Beim Frühlingsfest werden wieder die Türen unseres Museumsbahnhofes geöffnet! Genießen Sie bei freiem Eintritt wieder Cabriofahrten auf dem Rottenkraftwagen und Führerstandsmitfahrten auf der T3 &#8222;Schunter&#8220; und setzten Sie sich mit [&hellip;]" />
<meta property="og:url" content="https://www.almetalbahn-online.de/?tribe_events=fruehlingsfest-bei-der-almetalbahn" />
<meta property="og:site_name" content="Arbeitsgemeinschaft Historische Eisenbahn e.V." />
<meta property="article:publisher" content="https://www.facebook.com/Almetalbahn/" />
<meta property="article:modified_time" content="2023-05-02T17:39:49+00:00" />
<meta property="og:image" content="https://www.almetalbahn-online.de/wp-content/uploads/2019/11/IMG_3307.jpg" />
	<meta property="og:image:width" content="1620" />
	<meta property="og:image:height" content="1080" />
	<meta property="og:image:type" content="image/jpeg" />
<meta name="twitter:card" content="summary_large_image" />
<meta name="twitter:label1" content="Geschätzte Lesezeit" />
	<meta name="twitter:data1" content="2 Minuten" />
<script type="application/ld+json" class="yoast-schema-graph">{"@context":"https://schema.org","@graph":[{"@type":"WebPage","@id":"https://www.almetalbahn-online.de/?tribe_events=fruehlingsfest-bei-der-almetalbahn","url":"https://www.almetalbahn-online.de/?tribe_events=fruehlingsfest-bei-der-almetalbahn","name":"Frühlingsfest bei der Almetalbahn - Arbeitsgemeinschaft Historische Eisenbahn e.V.","isPartOf":{"@id":"https://www.almetalbahn-online.de/#website"},"datePublished":"2022-10-04T12:35:34+00:00","dateModified":"2023-05-02T17:39:49+00:00","breadcrumb":{"@id":"https://www.almetalbahn-online.de/?tribe_events=fruehlingsfest-bei-der-almetalbahn#breadcrumb"},"inLanguage":"de","potentialAction":[{"@type":"ReadAction","target":["https://www.almetalbahn-online.de/?tribe_events=fruehlingsfest-bei-der-almetalbahn"]}]},{"@type":"BreadcrumbList","@id":"https://www.almetalbahn-online.de/?tribe_events=fruehlingsfest-bei-der-almetalbahn#breadcrumb","itemListElement":[{"@type":"ListItem","position":1,"name":"Startseite","item":"https://www.almetalbahn-online.de/"},{"@type":"ListItem","position":2,"name":"Veranstaltungen","item":"https://www.almetalbahn-online.de/?post_type=tribe_events"},{"@type":"ListItem","position":3,"name":"Frühlingsfest bei der Almetalbahn"}]},{"@type":"WebSite","@id":"https://www.almetalbahn-online.de/#website","url":"https://www.almetalbahn-online.de/","name":"Arbeitsgemeinschaft Historische Eisenbahn e.V.","description":"Almetalbahn","publisher":{"@id":"https://www.almetalbahn-online.de/#organization"},"potentialAction":[{"@type":"SearchAction","target":{"@type":"EntryPoint","urlTemplate":"https://www.almetalbahn-online.de/?s={search_term_string}"},"query-input":"required name=search_term_string"}],"inLanguage":"de"},{"@type":"Organization","@id":"https://www.almetalbahn-online.de/#organization","name":"Arbeitsgemeinschaft Historische Eisenbahn e.V.","url":"https://www.almetalbahn-online.de/","logo":{"@type":"ImageObject","inLanguage":"de","@id":"https://www.almetalbahn-online.de/#/schema/logo/image/","url":"https://www.almetalbahn-online.de/wp-content/uploads/2019/12/T3_Zeichnung-e1573062427353.png","contentUrl":"https://www.almetalbahn-online.de/wp-content/uploads/2019/12/T3_Zeichnung-e1573062427353.png","width":200,"height":97,"caption":"Arbeitsgemeinschaft Historische Eisenbahn e.V."},"image":{"@id":"https://www.almetalbahn-online.de/#/schema/logo/image/"},"sameAs":["https://www.facebook.com/Almetalbahn/","https://www.instagram.com/almetalbahn/"]}]}</script>
<!-- / Yoast SEO plugin. -->

Frühlingsfest bei der Almetalbahn - Arbeitsgemeinschaft Historische Eisenbahn e.V.

Beim Frühlingsfest werden wieder die Türen unseres Museumsbahnhofes geöffnet! Genießen Sie bei freiem Eintritt wieder Cabriofahrten auf dem Rottenkraftwagen und Führerstandsmitfahrten auf der T3 &#8222;Schunter&#8220; und setzten Sie sich mit [&hellip;]
